{"id":2367,"date":"2024-07-05T15:27:59","date_gmt":"2024-07-05T13:27:59","guid":{"rendered":"https:\/\/akupunktur-tcm-rt.de\/?page_id=2367"},"modified":"2024-07-05T15:37:13","modified_gmt":"2024-07-05T13:37:13","slug":"altersbedingte-makuladegeneration-amd-und-die-behandlung-mit-akupunktur","status":"publish","type":"page","link":"https:\/\/akupunktur-tcm-rt.de\/index.php\/altersbedingte-makuladegeneration-amd-und-die-behandlung-mit-akupunktur\/","title":{"rendered":"Altersbedingte Makuladegeneration (AMD) und die Behandlung mit Akupunktur"},"content":{"rendered":"\t\t<div data-elementor-type=\"wp-page\" data-elementor-id=\"2367\" class=\"elementor elementor-2367\">\n\t\t\t\t\t\t<section class=\"elementor-section elementor-top-section elementor-element elementor-element-3124df36 elementor-section-boxed elementor-section-height-default elementor-section-height-default\" data-id=\"3124df36\" data-element_type=\"section\">\n\t\t\t\t\t\t<div class=\"elementor-container elementor-column-gap-default\">\n\t\t\t\t\t<div class=\"elementor-column elementor-col-100 elementor-top-column elementor-element elementor-element-178f763e\" data-id=\"178f763e\" data-element_type=\"column\">\n\t\t\t<div class=\"elementor-widget-wrap elementor-element-populated\">\n\t\t\t\t\t\t<div class=\"elementor-element elementor-element-601cbb4e elementor-widget elementor-widget-text-editor\" data-id=\"601cbb4e\" data-element_type=\"widget\" data-widget_type=\"text-editor.default\">\n\t\t\t\t<div class=\"elementor-widget-container\">\n\t\t\t\t\t\t\t\t\t<p>Das Auftreten der altersbedingten Makuladegeneration (AMD) nimmt zu. Das ist die h\u00e4ufigste Ursache f\u00fcr den irreversiblen Verlust des zentralen Sehverm\u00f6gens bei \u00e4lteren Patienten.<br \/>Die altersbedingte Makuladegeneration beginnt meist ab dem 55. Lebensjahr \u2013 manchmal sogar fr\u00fcher. Im Anfangsstadium bleibt die Erkrankung oft unbemerkt. Sp\u00e4ter erscheinen Betroffenen Gesichter oder Details zunehmend verzerrt, auch geometrische Muster, wie z.B. Fliesen oder Stra\u00dfenmarkierungen, wirken verzerrt. Farben und Kontraste verblassen \u2014 bis schlie\u00dflich nur ein grauer Fleck im Sehzentrum bleibt. Die Erkrankung kann langfristig die zentrale Sehkraft zerst\u00f6ren. Die Behandlungsoptionen sind limitiert, der Verlust der Sehkraft kann oft nicht verhindert werden.<\/p><p>\u00a0<\/p>\t\t\t\t\t\t\t\t<\/div>\n\t\t\t\t<\/div>\n\t\t\t\t\t<\/div>\n\t\t<\/div>\n\t\t\t\t\t<\/div>\n\t\t<\/section>\n\t\t\t\t<section class=\"elementor-section elementor-top-section elementor-element elementor-element-f5a24c3 elementor-section-boxed elementor-section-height-default elementor-section-height-default\" data-id=\"f5a24c3\" data-element_type=\"section\">\n\t\t\t\t\t\t<div class=\"elementor-container elementor-column-gap-default\">\n\t\t\t\t\t<div class=\"elementor-column elementor-col-33 elementor-top-column elementor-element elementor-element-c11e549\" data-id=\"c11e549\" data-element_type=\"column\">\n\t\t\t<div class=\"elementor-widget-wrap elementor-element-populated\">\n\t\t\t\t\t\t<div class=\"elementor-element elementor-element-c0fd858 elementor-widget elementor-widget-image\" data-id=\"c0fd858\" data-element_type=\"widget\" data-widget_type=\"image.default\">\n\t\t\t\t<div class=\"elementor-widget-container\">\n\t\t\t\t\t\t\t\t\t\t\t\t\t\t\t<img fetchpriority=\"high\" decoding=\"async\" width=\"500\" height=\"445\" src=\"https:\/\/akupunktur-tcm-rt.de\/wp-content\/uploads\/2024\/07\/de_auge_amdjpg_replacement_image.jpg\" class=\"attachment-large size-large wp-image-2373\" alt=\"\" srcset=\"https:\/\/akupunktur-tcm-rt.de\/wp-content\/uploads\/2024\/07\/de_auge_amdjpg_replacement_image.jpg 500w, https:\/\/akupunktur-tcm-rt.de\/wp-content\/uploads\/2024\/07\/de_auge_amdjpg_replacement_image-300x267.jpg 300w\" sizes=\"(max-width: 500px) 100vw, 500px\" \/>\t\t\t\t\t\t\t\t\t\t\t\t\t\t\t<\/div>\n\t\t\t\t<\/div>\n\t\t\t\t\t<\/div>\n\t\t<\/div>\n\t\t\t\t<div class=\"elementor-column elementor-col-33 elementor-top-column elementor-element elementor-element-09adb81\" data-id=\"09adb81\" data-element_type=\"column\">\n\t\t\t<div class=\"elementor-widget-wrap elementor-element-populated\">\n\t\t\t\t\t\t<div class=\"elementor-element elementor-element-842abc6 elementor-widget elementor-widget-image\" data-id=\"842abc6\" data-element_type=\"widget\" data-widget_type=\"image.default\">\n\t\t\t\t<div class=\"elementor-widget-container\">\n\t\t\t\t\t\t\t\t\t\t\t\t\t\t\t<img decoding=\"async\" width=\"973\" height=\"546\" src=\"https:\/\/akupunktur-tcm-rt.de\/wp-content\/uploads\/2024\/07\/size973x546-2.webp\" class=\"attachment-large size-large wp-image-2375\" alt=\"\" srcset=\"https:\/\/akupunktur-tcm-rt.de\/wp-content\/uploads\/2024\/07\/size973x546-2.webp 973w, https:\/\/akupunktur-tcm-rt.de\/wp-content\/uploads\/2024\/07\/size973x546-2-300x168.webp 300w, https:\/\/akupunktur-tcm-rt.de\/wp-content\/uploads\/2024\/07\/size973x546-2-768x431.webp 768w\" sizes=\"(max-width: 973px) 100vw, 973px\" \/>\t\t\t\t\t\t\t\t\t\t\t\t\t\t\t<\/div>\n\t\t\t\t<\/div>\n\t\t\t\t\t<\/div>\n\t\t<\/div>\n\t\t\t\t<div class=\"elementor-column elementor-col-33 elementor-top-column elementor-element elementor-element-2d49536\" data-id=\"2d49536\" data-element_type=\"column\">\n\t\t\t<div class=\"elementor-widget-wrap elementor-element-populated\">\n\t\t\t\t\t\t<div class=\"elementor-element elementor-element-a44b748 elementor-widget elementor-widget-image\" data-id=\"a44b748\" data-element_type=\"widget\" data-widget_type=\"image.default\">\n\t\t\t\t<div class=\"elementor-widget-container\">\n\t\t\t\t\t\t\t\t\t\t\t\t\t\t\t<img decoding=\"async\" width=\"973\" height=\"546\" src=\"https:\/\/akupunktur-tcm-rt.de\/wp-content\/uploads\/2024\/07\/size973x546-1.webp\" class=\"attachment-large size-large wp-image-2374\" alt=\"\" srcset=\"https:\/\/akupunktur-tcm-rt.de\/wp-content\/uploads\/2024\/07\/size973x546-1.webp 973w, https:\/\/akupunktur-tcm-rt.de\/wp-content\/uploads\/2024\/07\/size973x546-1-300x168.webp 300w, https:\/\/akupunktur-tcm-rt.de\/wp-content\/uploads\/2024\/07\/size973x546-1-768x431.webp 768w\" sizes=\"(max-width: 973px) 100vw, 973px\" \/>\t\t\t\t\t\t\t\t\t\t\t\t\t\t\t<\/div>\n\t\t\t\t<\/div>\n\t\t\t\t\t<\/div>\n\t\t<\/div>\n\t\t\t\t\t<\/div>\n\t\t<\/section>\n\t\t\t\t<section class=\"elementor-section elementor-top-section elementor-element elementor-element-5ee517b elementor-section-boxed elementor-section-height-default elementor-section-height-default\" data-id=\"5ee517b\" data-element_type=\"section\">\n\t\t\t\t\t\t<div class=\"elementor-container elementor-column-gap-default\">\n\t\t\t\t\t<div class=\"elementor-column elementor-col-100 elementor-top-column elementor-element elementor-element-8264f56\" data-id=\"8264f56\" data-element_type=\"column\">\n\t\t\t<div class=\"elementor-widget-wrap elementor-element-populated\">\n\t\t\t\t\t\t<div class=\"elementor-element elementor-element-7b036b3 elementor-widget elementor-widget-text-editor\" data-id=\"7b036b3\" data-element_type=\"widget\" data-widget_type=\"text-editor.default\">\n\t\t\t\t<div class=\"elementor-widget-container\">\n\t\t\t\t\t\t\t\t\t<p>Seite vielen Jahren berichten mehre Fallstudien u\u0308ber die guten Erfolge mit Akupunktur, besonders bei der trockenen, aber auch der feuchten AMD. Bei der Augenakupunktur werden Punkte entlang der Meridiane am K\u00f6rper behandelt. Durch diese Behandlung wird der Blutfluss angeregt, wie man mittels dopplersonographischer Untersuchungen nachweisen konnte. Dadurch werden Stoffwechselprozesse verbessert, und dar\u00fcber hinaus stimulieren die Akupunkturpunkte jene Teile des Gehirns, die optische Reize verarbeiten.<\/p><p>Je fru\u0308her die Behandlung im Verlauf der AMD einsetzt, desto erfolgreicher ist sie. Auch einseitige AMD ist zu behandeln, um das andere Auge vorbeugend zu behandeln. Allgemeingu\u0308ltige Akupunkturpunkte gibt es nicht, zuna\u0308chst muss eine ausfu\u0308hrliche Diagnostik nach traditioneller chinesischer Medizin erfolgen.<\/p>\t\t\t\t\t\t\t\t<\/div>\n\t\t\t\t<\/div>\n\t\t\t\t\t<\/div>\n\t\t<\/div>\n\t\t\t\t\t<\/div>\n\t\t<\/section>\n\t\t\t\t<section class=\"elementor-section elementor-top-section elementor-element elementor-element-67db733 elementor-section-boxed elementor-section-height-default elementor-section-height-default\" data-id=\"67db733\" data-element_type=\"section\">\n\t\t\t\t\t\t<div class=\"elementor-container elementor-column-gap-default\">\n\t\t\t\t\t<div class=\"elementor-column elementor-col-100 elementor-top-column elementor-element elementor-element-ce28c4f\" data-id=\"ce28c4f\" data-element_type=\"column\">\n\t\t\t<div class=\"elementor-widget-wrap elementor-element-populated\">\n\t\t\t\t\t\t<div class=\"elementor-element elementor-element-f130438 elementor-widget elementor-widget-text-editor\" data-id=\"f130438\" data-element_type=\"widget\" data-widget_type=\"text-editor.default\">\n\t\t\t\t<div class=\"elementor-widget-container\">\n\t\t\t\t\t\t\t\t\t<p><strong><b>References<\/b><\/strong><strong><b>:<\/b><\/strong><\/p><p>Sie finden mehre Informaionen und Fallstudien in den folgenden Artikels und auf dem Internet.\u00a0<\/p><ul><li><strong><b>Akupunkturerfahrungen bei Makuladegeneration<\/b><\/strong><\/li><\/ul><p>\u00a0 \u00a0 \u00a0https:\/\/link.springer.com\/article\/10.1007\/s15009-014-5283-y<\/p><p>\u00a0<\/p><ul><li><strong>Acupuncture may Improve Vision in Patients with Age-related Macular Degeneration (AMD):<\/strong><\/li><\/ul><p><a href=\"https:\/\/doi.org\/10.1016\/j.dza.2008.08.001\">https:\/\/doi.org\/10.1016\/j.dza.2008.08.001<\/a><a href=\"https:\/\/s100.copyright.com\/AppDispatchServlet?publisherName=ELS&amp;contentID=S0415641208001458&amp;orderBeanReset=true\">Get rights and content<\/a><\/p>\t\t\t\t\t\t\t\t<\/div>\n\t\t\t\t<\/div>\n\t\t\t\t\t<\/div>\n\t\t<\/div>\n\t\t\t\t\t<\/div>\n\t\t<\/section>\n\t\t\t\t<\/div>\n\t\t","protected":false},"excerpt":{"rendered":"<p>Das Auftreten der altersbedingten Makuladegeneration (A&hellip;&nbsp;<a href=\"https:\/\/akupunktur-tcm-rt.de\/index.php\/altersbedingte-makuladegeneration-amd-und-die-behandlung-mit-akupunktur\/\" class=\"\" rel=\"bookmark\">\u9605\u8bfb\u66f4\u591a &raquo;<span class=\"screen-reader-text\">Altersbedingte Makuladegeneration (AMD) und die Behandlung mit Akupunktur<\/span><\/a><\/p>\n","protected":false},"author":1,"featured_media":0,"parent":0,"menu_order":0,"comment_status":"closed","ping_status":"closed","template":"","meta":{"neve_meta_sidebar":"","neve_meta_container":"","neve_meta_enable_content_width":"","neve_meta_content_width":0,"neve_meta_title_alignment":"","neve_meta_author_avatar":"","neve_post_elements_order":"","neve_meta_disable_header":"","neve_meta_disable_footer":"","neve_meta_disable_title":"","footnotes":""},"_links":{"self":[{"href":"https:\/\/akupunktur-tcm-rt.de\/index.php\/wp-json\/wp\/v2\/pages\/2367"}],"collection":[{"href":"https:\/\/akupunktur-tcm-rt.de\/index.php\/wp-json\/wp\/v2\/pages"}],"about":[{"href":"https:\/\/akupunktur-tcm-rt.de\/index.php\/wp-json\/wp\/v2\/types\/page"}],"author":[{"embeddable":true,"href":"https:\/\/akupunktur-tcm-rt.de\/index.php\/wp-json\/wp\/v2\/users\/1"}],"replies":[{"embeddable":true,"href":"https:\/\/akupunktur-tcm-rt.de\/index.php\/wp-json\/wp\/v2\/comments?post=2367"}],"version-history":[{"count":7,"href":"https:\/\/akupunktur-tcm-rt.de\/index.php\/wp-json\/wp\/v2\/pages\/2367\/revisions"}],"predecessor-version":[{"id":2379,"href":"https:\/\/akupunktur-tcm-rt.de\/index.php\/wp-json\/wp\/v2\/pages\/2367\/revisions\/2379"}],"wp:attachment":[{"href":"https:\/\/akupunktur-tcm-rt.de\/index.php\/wp-json\/wp\/v2\/media?parent=2367"}],"curies":[{"name":"wp","href":"https:\/\/api.w.org\/{rel}","templated":true}]}}