{"id":1956,"date":"2023-07-21T17:13:32","date_gmt":"2023-07-21T15:13:32","guid":{"rendered":"https:\/\/akupunktur-tcm-rt.de\/?page_id=1956"},"modified":"2023-07-21T17:17:50","modified_gmt":"2023-07-21T15:17:50","slug":"tcm-und-kinderwunsch","status":"publish","type":"page","link":"https:\/\/akupunktur-tcm-rt.de\/index.php\/tcm-und-kinderwunsch\/","title":{"rendered":"TCM und Kinderwunsch"},"content":{"rendered":"\t\t<div data-elementor-type=\"wp-page\" data-elementor-id=\"1956\" class=\"elementor elementor-1956\">\n\t\t\t\t\t\t<section class=\"elementor-section elementor-top-section elementor-element elementor-element-4417dda4 elementor-section-boxed elementor-section-height-default elementor-section-height-default\" data-id=\"4417dda4\" data-element_type=\"section\">\n\t\t\t\t\t\t<div class=\"elementor-container elementor-column-gap-default\">\n\t\t\t\t\t<div class=\"elementor-column elementor-col-100 elementor-top-column elementor-element elementor-element-4c845126\" data-id=\"4c845126\" data-element_type=\"column\">\n\t\t\t<div class=\"elementor-widget-wrap elementor-element-populated\">\n\t\t\t\t\t\t<div class=\"elementor-element elementor-element-5c0dad57 elementor-widget elementor-widget-text-editor\" data-id=\"5c0dad57\" data-element_type=\"widget\" data-widget_type=\"text-editor.default\">\n\t\t\t\t<div class=\"elementor-widget-container\">\n\t\t\t\t\t\t\t\t\t\n<h2 class=\"wp-block-heading\"><strong>Wirkung von Akupunktur und chinesischer Kr\u00e4utertherapie\u00a0auf weibliche Unfruchtbarkeit durch St\u00e4rkung des nat\u00fcrlichen Menstruationszyklus<\/strong><\/h2>\n\t\t\t\t\t\t\t\t<\/div>\n\t\t\t\t<\/div>\n\t\t\t\t\t<\/div>\n\t\t<\/div>\n\t\t\t\t\t<\/div>\n\t\t<\/section>\n\t\t\t\t<section class=\"elementor-section elementor-top-section elementor-element elementor-element-953b89e elementor-section-boxed elementor-section-height-default elementor-section-height-default\" data-id=\"953b89e\" data-element_type=\"section\">\n\t\t\t\t\t\t<div class=\"elementor-container elementor-column-gap-default\">\n\t\t\t\t\t<div class=\"elementor-column elementor-col-100 elementor-top-column elementor-element elementor-element-f815fbd\" data-id=\"f815fbd\" data-element_type=\"column\">\n\t\t\t<div class=\"elementor-widget-wrap elementor-element-populated\">\n\t\t\t\t\t\t<div class=\"elementor-element elementor-element-f0541c5 elementor-widget elementor-widget-text-editor\" data-id=\"f0541c5\" data-element_type=\"widget\" data-widget_type=\"text-editor.default\">\n\t\t\t\t<div class=\"elementor-widget-container\">\n\t\t\t\t\t\t\t\t\t<p>Seit der Er\u00f6ffnung unserer Praxis haben wir hin und wieder Anfragen zur Unterst\u00fctzung bei Kinderwunsch erhalten. Viele Patientinnen und Patienten fragen sich, ob TCM (Traditionelle Chinesische Medizin), insbesondere Akupunktur und Kr\u00e4utertherapie, bei Kinderwunsch hilfreich sein kann. Um die Fragen zu beantworten, haben wir eine gr\u00fcndliche Analyse unserer erfolgreichen F\u00e4lle durchgef\u00fchrt. Zudem haben wir zahlreiche Fallstudien und wissenschaftliche Artikel von verschiedenen Instituten, \u00c4rztinnen, \u00c4rzten und Spezialisten ausgewertet. Dadurch konnten wir fundierte Informationen sammeln. Basierend auf diesen Informationen haben wir einen \u00dcberblick \u00fcber TCM und Kinderwunsch f\u00fcr unsere Patientinnen und Patienten zusammengestellt. Wir hoffen, dass Ihnen diese Informationen helfen, die Funktionsweise von TCM besser zu verstehen und ob es eine m\u00f6gliche Unterst\u00fctzung bei Ihrem Kinderwunsch sein k\u00f6nnte. Unser Praxisteam \u00a0<em><i>Frau Shijuan Cui<\/i><\/em>\u00a0und <em><i>Herr Jialong Deng<\/i><\/em>\u00a0stehen Ihnen gerne f\u00fcr weitere Fragen zur Verf\u00fcgung.<\/p>\n<p><strong><b>Einf\u00fchrung:<\/b><\/strong><\/p>\n<p>St\u00f6rungen des Fortpflanzungs- und endokrinen Systems sind die h\u00e4ufigste Ursache f\u00fcr weibliche Unfruchtbarkeit, die entweder auf organische oder dysfunktionale Erkrankungen zur\u00fcckzuf\u00fchren sein kann. Zahlreiche Studien zeigen, dass immer mehr Frauen mit Unfruchtbarkeit dank Akupunktur und chinesischer Medizin Kinder bekommen, indem ihre Funktionsst\u00f6rungen verbessert oder organische Krankheiten geheilt werden. Wir sind davon \u00fcberzeugt, dass die Anwendung von Akupunktur und chinesischer Kr\u00e4utermedizin unter Ber\u00fccksichtigung integrierter Theorien aus traditionellen und modernen Arzneimitteln die richtige Behandlungsmethode ist, um die Symptome und Anzeichen, die durch St\u00f6rungen des Fortpflanzungs- und endokrinen Systems verursacht werden, zu behandeln. Durch die optimale Nutzung der Funktionen der relevanten Fortpflanzungsorgane unterst\u00fctzen wir Frauen in jedem Stadium ihres Menstruationszyklus bei der Empf\u00e4ngnis.<\/p>\n<p><strong><b>Hintergrund der Behandlung zur St\u00e4rkung des Menstruationszyklus durch traditionelle Akupunktur und Kr\u00e4utermedizin<\/b><\/strong><\/p>\n<p>Die physiologische Funktion der Frau wird in der konventionellen Schul\u00a0Medizin erkl\u00e4rt. Eine Frau sollte einen normalen Menstruationszyklus haben, wenn ihre Sexualhormone und Fortpflanzungsfunktion im Alter von etwa zehn bis zw\u00f6lf Jahren ausgereift sind. Unter dem Einfluss relevanter Hormone wie Luteinisierendes Hormon (LH), Follikelstimulierendes Hormon (FSH) und Gonadotropes Hormon, das von der Hypophyse, dem Hypothalamus und dem Follikel produziert wird, w\u00e4chst jeden Monat ein Ei aus ihrem Eierstock. Nach seiner Reifung wandert es durch den Eileiter in die Geb\u00e4rmutter.\u00a0Wenn es mit einem lebensf\u00e4higen Spermium befruchtet wird, entsteht eine befruchtete Eizelle, die sich in die Geb\u00e4rmutterschleimhaut einnistet und zu einer normalen Schwangerschaft f\u00fchrt. Wenn jedoch keine Befruchtung stattgefunden hat, wird das Ei zusammen mit etwas Geb\u00e4rmutterschleimhautgewebe w\u00e4hrend der Menstruation abgesto\u00dfen.<\/p>\n<p>Gem\u00e4\u00df der oben beschriebenen Routine klassifizieren wir\u00a0den Menstruationszyklus in vier Phasen, in denen verschiedene Funktionen stattfinden:<\/p>\n<ol>\n<li>In der ersten Woche: Follikelwachstum.<\/li>\n<li>In der zweiten Woche: Der Follikel ist am Ende dieser Woche ausgereift und es kommt zum Eisprung, bei dem er sich aus dem Eierstock gel\u00f6st hat.<\/li>\n<li>In der dritten Woche: Progesteronwachstum.<\/li>\n<li>In der vierten Woche: Vorbereitung auf die Menstruation und Entweder tritt die Menstruation ein oder es erfolgt die Einnistung des befruchteten Eies zur Fortsetzung der Schwangerschaft.<\/li>\n<\/ol>\n<p>Deshalb versuchen wir, TCM-Behandlungen durchzuf\u00fchren, die der oben genannten Routine folgen, um den Menstruationszyklus zu optimieren.\u00a0<\/p>\n<p>\u00a0<\/p>\n<p><strong><b>Soziale Gr\u00fcnde, die zu Unfruchtbarkeit bei Frauen f\u00fchren<\/b><\/strong><\/p>\n<p>Eine erh\u00f6hte Inzidenz von Unfruchtbarkeit wird durch verschiedene reproduktive und endokrine St\u00f6rungen verursacht. Die h\u00e4ufigsten Gr\u00fcnde sind wie folgt:<\/p>\n<ol>\n<li>Langfristiger Stress schw\u00e4cht die Funktion der Hypophyse, des Hypothalamus und der Eierst\u00f6cke, was zu Fehlfunktionen oder fr\u00fchem Versagen der Eierst\u00f6cke f\u00fchren kann. Beispielsweise leiden einige Frauen unter Amenorrhoe, wenn sie ihre Doktorarbeit oder weiterf\u00fchrende Studieng\u00e4nge absolvieren oder unter schweren psychischen St\u00f6rungen.<\/li>\n<li>\u00dcberm\u00e4\u00dfige k\u00f6rperliche Arbeit oder Training w\u00e4hrend der Pubert\u00e4t kann zu Fehlfunktionen der Eierst\u00f6cke oder der Geb\u00e4rmutter f\u00fchren, wie es bei einigen Sportlern und T\u00e4nzern der Fall ist.<\/li>\n<li>Eine \u00fcberm\u00e4\u00dfige Einnahme von Verh\u00fctungspillen kann zu einem Ungleichgewicht von \u00d6strogen und Progesteron f\u00fchren und ihre Aktivit\u00e4ten beeintr\u00e4chtigen. B.Frauen nehmen \u00fcber einen Zeitraum von 10 Jahren Verh\u00fctungsmittel ein, besonders einige junge M\u00e4dchen, die sie falsch einnehmen, zum Beispiel durch kontinuierliche Einnahme ohne eine notwendige Menstruation.<\/li>\n<li>Heirat oder geplante Schwangerschaften im h\u00f6heren Alter (\u00fcber 35 Jahre).<\/li>\n<li>Einnahme von Medikamenten oder anderen Giftstoffen.<\/li>\n<\/ol>\n<p>Die oben genannten Gr\u00fcnde k\u00f6nnen den Menstruationszyklus st\u00f6ren und zu Amenorrhoe, Dysmenorrhoe oder Menoxenie f\u00fchren, die h\u00e4ufige pathologische Zust\u00e4nde sind, die Unfruchtbarkeit verursachen. Etwa 50 % aller F\u00e4lle von Unfruchtbarkeit werden nicht durch explizite organische Erkrankungen verursacht, sondern befinden sich in einem milden Stadium einiger Krankheiten oder einem pr\u00e4klinischen Zustand. Es handelt sich um reine Funktionsst\u00f6rungen ohne organische Erkrankungen, die den diagnostischen Standard der konventionellen Schul\u00a0Medizin nicht erreichen.<\/p>\n<p>Unsere Behandlungen zielen darauf ab, den Hormonhaushalt auszugleichen oder den Eisprung zu f\u00f6rdern, sowie die organischen Funktionen zu st\u00e4rken, insbesondere in der Phase nach dem Menstruationszyklus. Dadurch k\u00f6nnen wir nicht nur jede einzelne organische Funktion neu regulieren, sondern auch den gesamten K\u00f6rper wieder ins Gleichgewicht bringen.<\/p>\n<p>\u00a0<\/p>\n<p><strong><b>St\u00e4rkung des Menstruationszyklus durch Akupunktur und pflanzliche Arzneimittel<\/b><\/strong><\/p>\n<p><strong><b>Grundlegende Theorie der TCM<\/b><\/strong><\/p>\n<p>Nachdem wir\u00a0viele akademische Diskussionen zu verschiedenen Themen in den traditionellen klassischen B\u00fcchern der TCM sowie einige Theorien aus der modernen westlichen Physiologie und Pathologie eingehend gelesen habe, sind wir\u00a0\u00fcberzeugt, dass dies der beste Ansatz ist, um eine klare und pr\u00e4zise Behandlungsrichtung und Methode der TCM zu entwickeln, die von einer integrierten medizinischen Theorie geleitet wird.<\/p>\n<p>Wir\u00a0werden\u00a0ein TCM-Behandlungsprinzip anwenden, das sich nach den unterschiedlichen Phasen des Menstruationszyklus richtet, wie folgt: Nierenmangel ist das Hauptmerkmal bei Frauen mit Unfruchtbarkeit, und die St\u00e4rkung der Nierenfunktion ist entscheidend f\u00fcr die Verbesserung des Menstruationszyklus. Im Allgemeinen unterteile ich die Patientinnen je nach ihren Symptomen und Anzeichen in zwei kategorische pathologische Merkmale: Nieren-Yin-Mangel und Nieren-Yang-Mangel .<\/p>\n<p><strong><b>In der ersten Woche:<\/b><\/strong>\u00a0Zur St\u00e4rkung von Niere und Milz, den Vor- und Nachhimmelorganen, um das Follikelwachstum zu f\u00f6rdern. Die TCM erkennt, dass die Niere eine Quelle f\u00fcr die Produktion von Original- und Reproduktions-Qi ist, w\u00e4hrend die Milz kontinuierlich Qi und Blut liefert. Daher widme ich in der ersten Phase des Menstruationszyklus besondere Aufmerksamkeit der St\u00e4rkung von Niere und Milz.<\/p>\n<p><strong><b>In der zweiten Woche: <\/b><\/strong>Yin n\u00e4hren, Nierenwesen kultivieren und stagnierendes Qi und Blutstau bewegen. Ziel ist es, Nieren-Yin zu n\u00e4hren, um eine Essenz f\u00fcr die St\u00e4rkung der gereiften Follikel zu erzeugen, und stagnierendes Blut freizusetzen, um das reife Ei aus dem Eierstock zu l\u00f6sen.<\/p>\n<p><strong><b>In der dritten Woche:<\/b><\/strong>\u00a0Yang erw\u00e4rmen und Yin n\u00e4hren, um das Progesteronwachstum zu f\u00f6rdern. In diesem Stadium lautet das Behandlungsprinzip der TCM: &#8220;Wenn Sie Yang st\u00e4rken m\u00f6chten, m\u00fcssen Sie Yin n\u00e4hren&#8221;, wie es ein Zitat aus der Antike besagt. Das bedeutet, dass entweder Kr\u00e4uter verwendet werden sollten, die das Nieren-Yang erw\u00e4rmen und das Nieren-Yin n\u00e4hren, oder beide Kr\u00e4uterarten zusammen. Die St\u00e4rkung des Nieren-Yangs w\u00e4rmt Qi und Blut, beseitigt Stagnationen und f\u00f6rdert die Progesteronproduktion .<\/p>\n<p><strong><b>In der vierten Woche:<\/b><\/strong>\u00a0Zur Regulierung des Leber-Qi und des Blutes f\u00fcr die Menstruation oder zur St\u00e4rkung von Milz und Niere zum Schutz des F\u00f6tus.<\/p>\n<ol>\n<li>Wenn die Frau in der letzten Woche ihrer Menstruation verbleibt, besteht die Gefahr einer Leber-Qi-Stagnation, die zu Blutstagnation und Dysmenorrhoe f\u00fchren kann. Daher ist es notwendig, stagniertes Qi und Blutstau zu bewegen, um sie freizusetzen oder Dysmenorrhoe vorzubeugen.<\/li>\n<li>Wenn die Befruchtung erfolgreich war, tritt eine Schwangerschaft ein. Wenn jedoch immer noch ein Mangel an Qi und Blut besteht, besteht das Risiko einer Fehlgeburt. Frauen, die in der Vergangenheit Fehlgeburten hatten oder bestimmte Symptome und Anzeichen aufweisen, sollten vorbeugende Ma\u00dfnahmen ergreifen, um Qi- und Blutdefiziten vorzubeugen, bis ihre gesunde Schwangerschaft best\u00e4tigt wurde.<\/li>\n<\/ol>\n<p>Aufgrund der TCM-Behandlung wird darauf geachtet, das Gleichgewicht im K\u00f6rper wiederherzustellen, sodass wir unsere w\u00f6chentlichen Behandlungen problemlos verwalten und die Akupunkturpunkte sowie pflanzliche Arzneimittel entsprechend dem Menstruationszyklus anpassen k\u00f6nnen. Wir m\u00fcssen die Menstruation nicht genau auf den Tag genau wie die westliche Medizin zuordnen.<\/p>\n<p><strong><b>Grundlegende Theorie und Technik der Akupunktur:<\/b><\/strong><\/p>\n<p>Akupunktur besitzt eine notwendige und unverzichtbare Wirksamkeit bei der Behandlung von Unfruchtbarkeit und wird auch von der britischen Bev\u00f6lkerung eher akzeptiert. Daher wurde Akupunktur als wichtige Behandlungsmethode zun\u00e4chst f\u00fcr Patienten mit Unfruchtbarkeit ausgew\u00e4hlt .<\/p>\n<p><strong>Die Wirkung der Akupunktur:<\/strong><\/p>\n<p>Akupunktur wirkt durch Anregung und St\u00e4rkung der Selbstregulationsfunktionen im K\u00f6rper. Zum Beispiel kann bei einigen Frauen mit unerkl\u00e4rlicher Unfruchtbarkeit eine langfristige Einnahme der Pille dazu f\u00fchren, dass die Vitalit\u00e4t von Progesteron im K\u00f6rper gemindert ist oder das Gleichgewicht der genannten Hormone gest\u00f6rt ist. Dadurch scheint es, als ob Unfruchtbarkeit vorliegt, aber es wurden keine positiven Testergebnisse gefunden. Akupunktur ist gut geeignet, um die selbstregulierende Funktion im Inneren des K\u00f6rpers zu stimulieren und hormonelle St\u00f6rungen auszugleichen.<\/p>\n<p>Akupunktur kann auch den Eisprung f\u00f6rdern, wie einige Untersuchungen gezeigt haben. Des Weiteren st\u00e4rkt Akupunktur die Selbstheilungsfunktionen, wie bei einer Dame mit Endometriose, bei der m\u00f6glicherweise Sch\u00e4den im Endometrium der Geb\u00e4rmutter auftreten. Durch Akupunktur, insbesondere mit Moxibustion, kann die Selbstheilungsfunktion des Endometriums gest\u00e4rkt werden, was wiederum die Durchblutung in der Geb\u00e4rmutterschleimhaut verbessert und sie weicher macht.<\/p>\n<p><strong><b>Beispielweise:<\/b><\/strong>\u00a0\u00a0<\/p>\n<p>Hauptpunkte: \u00a0Shenque (Ren8),\u00a0Qihai (Ren6), Guanyuan (Ren4), Zhongji (Ren3), Guilai (St29)\/Shuifen (St28)\/ Zigong (Ext), Lieque (Lu7), Zhaohai (Ki6)<\/p>\n<p>Zugeh\u00f6rige Punkte werden je nach Differenzierung des Musters ausgew\u00e4hlt.<\/p>\n<ol>\n<li>Priorit\u00e4t des Nieren-Yin-Mangels (Leber-Qi-Stagnation und Nieren-Yin-Mangel):<\/li>\n<\/ol>\n<p>Waiguan (Sj5), Zulinqi (Gb41), Yingu (Ki10), Taixi (Ki3), Rangu (Ki2),Taichong (Liv3)<\/p>\n<p>\u00a0 \u00a0 \u00a0 \u00a0 2. Priorit\u00e4t des Nieren-Yang-Mangels (Milz-Qi und Nieren-Yang-Mangel):<\/p>\n<p>Zusanli (St36), Tianshu (St25), Yinlingquan (Sp9), Sanyinjiao (Sp6), Taixi (Ki3), Zhaohai (Ki6)<\/p>\n<p><strong><b>Grundlegende Theorie und Verschreibung von <\/b><\/strong><strong><b>TCM <\/b><\/strong><strong><b>Kr\u00e4utern<\/b><\/strong><\/p>\n<p>Zur Unterst\u00fctzung der Akupunktur wird chinesische Kr\u00e4uter eingesetzt. Die Integration beider Therapien, Akupunktur und Kr\u00e4utermedizin, wird das Behandlungsniveau verbessern und den gew\u00fcnschten Zweck f\u00fcr die einzelne Person erreichen. Daher ist auch die chinesische Kr\u00e4utermedizin eine wichtige Methode. Manche Frauen akzeptieren regelm\u00e4\u00dfige Akupunkturbehandlungen seit \u00fcber einem Jahr. Sie f\u00fchlen sich zwar besser, aber sie k\u00f6nnen nicht schwanger werden, da das Behandlungsniveau noch nicht ausreichend ist, obwohl sie die Behandlungen richtig gemacht haben.<\/p>\n<p><strong><b>Die Anwendung zur F\u00f6rderung des Menstruationszyklus:<\/b><\/strong><\/p>\n<ol>\n<li>Unerkl\u00e4rliche Unfruchtbarkeit: Frauen, die nicht schwanger werden k\u00f6nnen, obwohl keine eindeutige Krankheit durch herk\u00f6mmliche westliche Diagnosen festgestellt wurde, auch wenn keine Symptome vorliegen.<\/li>\n<li>Fr\u00fches Versagen des Eierstocks.<\/li>\n<li>Polyzystischer Eierstock oder PCOS und Amenorrhoe oder ein l\u00e4ngerer Menstruationszyklus, der durch ein Eierstockproblem verursacht wird.<\/li>\n<li>Frauen, die eine schnelle Schwangerschaft erwarten, aufgrund des Alters oder aus anderen pers\u00f6nlichen Gr\u00fcnden.<\/li>\n<li>Frauen, die eine IVF oder andere assistierte reproduktive Technologie (ART) planen und in der Vergangenheit bereits ein oder mehrere Male mit ART gescheitert sind. Diese Behandlung dient dazu, die hormonelle Erholung und das allgemeine Gleichgewicht des gesamten K\u00f6rpers zu f\u00f6rdern, um sich optimal auf den n\u00e4chsten Schritt der ART vorzubereiten [9].<\/li>\n<\/ol>\n<p>\u00a0<\/p>\n<p>Dieser Menstruationszyklus wird durch regelm\u00e4\u00dfige Akupunktur und Kr\u00e4utermedizin effektiv unterst\u00fctzt, um eine erfolgreiche Schwangerschaft zu f\u00f6rdern. Die Therapie ist nicht nur in der Lage, Frauen dabei zu helfen, auf nat\u00fcrliche Weise schwanger zu werden, indem sie die Funktion ihrer Eierst\u00f6cke verbessert, den Hormonspiegel korrigiert und den Zustand der Geb\u00e4rmutterschleimhaut harmonisiert, sondern erh\u00f6ht auch signifikant die Erfolgsrate bei einer IVF-Behandlung.<\/p>\n<p>Eine Analogie dazu w\u00e4re, dass, wenn man erfolgreich pflanzen m\u00f6chte, man zuerst den Boden auflockern muss, bevor man die Samen einsetzt. \u00c4hnlich sollte die Geb\u00e4rmutterschleimhaut weicher und gut durchblutet sein, um eine reibungslose Schwangerschaft zu erm\u00f6glichen. Akupunktur und Kr\u00e4utermedizin k\u00f6nnen als &#8220;Pfl\u00fcgen&#8221; betrachtet werden, da sie dazu beitragen, die Geb\u00e4rmutter in einem optimalen Zustand zu halten. Wenn die Patientin einen guten allgemeinen Gesundheitszustand hat und die lokalen Bedingungen g\u00fcnstig sind, kann sie auf nat\u00fcrliche Weise oder mit Unterst\u00fctzung von \u00c4rzten und einer IVF problemlos schwanger werden.<\/p>\n<p>Obwohl die Behandlung mit Akupunktur und Kr\u00e4utern ein vielversprechendes Modell ist, kann sie dennoch Einschr\u00e4nkungen haben. Schwere F\u00e4lle von Amenorrhoe, wie sie durch vorzeitige Eierstockinsuffizienz (POI) mit h\u00f6heren FSH-Werten oder durch das polyzystische Ovarialsyndrom (PCOS) mit erh\u00f6htem Androgenspiegel verursacht werden, k\u00f6nnen m\u00f6glicherweise eine l\u00e4ngere TCM-Behandlungsphase erfordern oder eine Kombination aus konventioneller Medizin und TCM als integrativen Ansatz.<\/p>\n<p>Abschlie\u00dfend l\u00e4sst sich sagen, dass die Anwendung von TCM-Therapien wie Akupunktur und chinesischer Kr\u00e4utermedizin zur Regulierung des Menstruationszyklus zur F\u00f6rderung der Empf\u00e4ngnis ein vielversprechendes Behandlungsmodell ist. Weitere Forschung mit einer gr\u00f6\u00dferen Stichprobe w\u00e4re jedoch erforderlich, um die genaue Wirkung und Wirksamkeit dieser Therapie zu best\u00e4tigen.<\/p>\n<p>\u00a0<\/p>\n<p>\u00a0<\/p>\n<p><strong><b>References<\/b><\/strong><strong><b>:<\/b><\/strong><\/p>\n<p><strong><b>\u00a0<\/b><\/strong><\/p>\n<p>Sie finden mehre Informaionen und Fallstudien in den folgenden Artikels und auf dem Internet.<\/p>\n<p><strong><b>\u00a0<\/b><\/strong><\/p>\n<p>Jiang D, Lily Li, Bai-Yun Z (2017) Treatment of Chinese herbal medicine<\/p>\n<p>for female infertility. International Review of Neurobiology 135: 233-<\/p>\n<p>247.<\/p>\n<p>\u00a0<\/p>\n<p>Ried K (2015) Chinese herbal medicine for female infertility: An updated<\/p>\n<p>meta-analysis. Review Complement Therapy in Medicine 23(1): 116-<\/p>\n<p>128.<\/p>\n<p>\u00a0<\/p>\n<p>Jiang D, Meng FY (2022) Cases study on the management of Diminished<\/p>\n<p>Ovarian Reserve (DOR) and Premature Ovarian Insufficiency (POI) with<\/p>\n<p>Traditional Chinese Medicine (TCM). Journal of Obesity and Diabetes<\/p>\n<p>5(1): 3-7.<\/p>\n<p>\u00a0<\/p>\n<p>Dan Jiang. \u00a0Effect of Acupuncture and Chinese Herbal Medicine on Female Infertility by Strengthening Natural Menstrual Cycle.<\/p>\n<p>Perceptions Reprod Med. 5(3). PRM.<\/p>\n<ol start=\"612\">\n<li>2022.<\/li>\n<\/ol>\n<p>DOI: 10.31031\/PRM.2022.05.000612<\/p>\n<p>\u00a0<\/p>\t\t\t\t\t\t\t\t<\/div>\n\t\t\t\t<\/div>\n\t\t\t\t\t<\/div>\n\t\t<\/div>\n\t\t\t\t\t<\/div>\n\t\t<\/section>\n\t\t\t\t<\/div>\n\t\t","protected":false},"excerpt":{"rendered":"<p>Wirkung von Akupunktur und chinesischer Kr\u00e4utertherapie&hellip;&nbsp;<a href=\"https:\/\/akupunktur-tcm-rt.de\/index.php\/tcm-und-kinderwunsch\/\" class=\"\" rel=\"bookmark\">\u9605\u8bfb\u66f4\u591a &raquo;<span class=\"screen-reader-text\">TCM und Kinderwunsch<\/span><\/a><\/p>\n","protected":false},"author":1,"featured_media":0,"parent":0,"menu_order":0,"comment_status":"closed","ping_status":"closed","template":"","meta":{"neve_meta_sidebar":"","neve_meta_container":"","neve_meta_enable_content_width":"","neve_meta_content_width":0,"neve_meta_title_alignment":"","neve_meta_author_avatar":"","neve_post_elements_order":"","neve_meta_disable_header":"","neve_meta_disable_footer":"","neve_meta_disable_title":"","footnotes":""},"_links":{"self":[{"href":"https:\/\/akupunktur-tcm-rt.de\/index.php\/wp-json\/wp\/v2\/pages\/1956"}],"collection":[{"href":"https:\/\/akupunktur-tcm-rt.de\/index.php\/wp-json\/wp\/v2\/pages"}],"about":[{"href":"https:\/\/akupunktur-tcm-rt.de\/index.php\/wp-json\/wp\/v2\/types\/page"}],"author":[{"embeddable":true,"href":"https:\/\/akupunktur-tcm-rt.de\/index.php\/wp-json\/wp\/v2\/users\/1"}],"replies":[{"embeddable":true,"href":"https:\/\/akupunktur-tcm-rt.de\/index.php\/wp-json\/wp\/v2\/comments?post=1956"}],"version-history":[{"count":4,"href":"https:\/\/akupunktur-tcm-rt.de\/index.php\/wp-json\/wp\/v2\/pages\/1956\/revisions"}],"predecessor-version":[{"id":1960,"href":"https:\/\/akupunktur-tcm-rt.de\/index.php\/wp-json\/wp\/v2\/pages\/1956\/revisions\/1960"}],"wp:attachment":[{"href":"https:\/\/akupunktur-tcm-rt.de\/index.php\/wp-json\/wp\/v2\/media?parent=1956"}],"curies":[{"name":"wp","href":"https:\/\/api.w.org\/{rel}","templated":true}]}}