{"id":1894,"date":"2022-11-01T10:36:15","date_gmt":"2022-11-01T09:36:15","guid":{"rendered":"https:\/\/akupunktur-tcm-rt.de\/?page_id=1894"},"modified":"2022-11-01T11:04:19","modified_gmt":"2022-11-01T10:04:19","slug":"akupunktur-und-tcm","status":"publish","type":"page","link":"https:\/\/akupunktur-tcm-rt.de\/index.php\/akupunktur-und-tcm\/","title":{"rendered":"Akupunktur und TCM"},"content":{"rendered":"\t\t<div data-elementor-type=\"wp-page\" data-elementor-id=\"1894\" class=\"elementor elementor-1894\">\n\t\t\t\t\t\t<section class=\"elementor-section elementor-top-section elementor-element elementor-element-9997e4d elementor-section-boxed elementor-section-height-default elementor-section-height-default\" data-id=\"9997e4d\" data-element_type=\"section\">\n\t\t\t\t\t\t<div class=\"elementor-container elementor-column-gap-default\">\n\t\t\t\t\t<div class=\"elementor-column elementor-col-100 elementor-top-column elementor-element elementor-element-7bf6001\" data-id=\"7bf6001\" data-element_type=\"column\">\n\t\t\t<div class=\"elementor-widget-wrap elementor-element-populated\">\n\t\t\t\t\t\t<div class=\"elementor-element elementor-element-686adb1 elementor-widget elementor-widget-text-editor\" data-id=\"686adb1\" data-element_type=\"widget\" data-widget_type=\"text-editor.default\">\n\t\t\t\t<div class=\"elementor-widget-container\">\n\t\t\t\t\t\t\t\t\t<p><strong><b>Akupunktur in naturheilkunde und schulmedizin<\/b><\/strong><\/p><p>Was seit \u00fcber 3000 Jahren in China in der\u00a0<em><i>Traditionellen Chinesischen Medizin<\/i><\/em>\u00a0(TCM) als wirksame Hilfe bei Schmerzen, funktionellen und seelischen Erkrankungen sowie zur Harmonisierung des Immunsystems bekannt ist, wird seit den 70er Jahren auch in der westlichen Welt immer bekannter und beliebter: die\u00a0<strong><b>Akupunktur<\/b><\/strong>.<\/p><p><strong><b>Wie Akupunktur funktioniert<\/b><\/strong><\/p><p>Schon die TCM kennt verschiedene Methoden, um die Akupunkturpunkte zu stimulieren. Bei der klassischen Akupunktur werden Nadeln gesetzt, weitere M\u00f6glichkeiten sind die Reizung der Punkte durch W\u00e4rme (Moxibustion) oder durch Druck mit dem Finger oder mit einem Stift (Akupressur). Dank der Weiterentwicklung der Akupunktur im Westen entstanden moderne Verfahren wie Laserakupunktur und Punktsuch-Techniken.<\/p><p>Als Behandlungskonzept der Traditionellen Chinesischen Medizin basiert Akupunktur auf der Lehre von Yin und Yang und wurde sp\u00e4ter durch die F\u00fcnf-Elemente-Lehre und der Lehre von den Meridianen erg\u00e4nzt wurde.<\/p><p>In der Regel werden w\u00f6chentlich etwa zwei, insgesamt mindestens 10 bis 12 Behandlungen durchgef\u00fchrt. Danach wird meist eine Pause von zwei bis drei Wochen eingelegt, bis eine neue Therapieserie erfolgen kann. Eine\u00a0<strong><b>Akupunktursitzung<\/b><\/strong>\u00a0dauert etwa 20 bis 30 Minuten. Dabei wird der Patient ruhig und entspannt gelagert, typischerweise liegt er oder sitzt bequem. Vor dem Einstich der Akupunkturnadel wird der Akupunkturpunkt und die unmittelbare Umgebung leicht massiert. W\u00e4hrend einer Sitzung werden so wenige Punkte wie m\u00f6glich gestochen, jedoch so viele, wie n\u00f6tig.<\/p><p>Ma\u00dfgeblich werden in der Akupunktur\u00a0<strong><b>ca. 400 Akupunkturpunkte<\/b><\/strong>\u00a0benutzt, die auf den sogenannten Meridianen angeordnet sind. Nach der Lehre der Traditionellen Chinesischen Medizin wird durch das Einstechen der Nadeln der Fluss des\u00a0<a href=\"http:\/\/de.wikipedia.org\/wiki\/Qi\">Qi<\/a>, also der Lebensenergie, beeinflusst.<\/p><p>Zur Vereinfachung wurde das heute g\u00e4ngige Modell von zw\u00f6lf Hauptmeridianen, die jeweils spiegelbildlich auf beiden K\u00f6rperseiten paarig angelegt sind, eingef\u00fchrt. Acht Extrameridiane und eine Reihe von sogenannten Extrapunkten erg\u00e4nzen dieses Modell.<\/p><p><strong><b>Das Ziel der Akupunktur\u00a0<\/b><\/strong><\/p><p>Akupunktur soll den gest\u00f6rten Energiefluss im Organismus normalisieren: Die auf den Meridianen liegenden Akupunkturpunkte werden mittels feinster Nadeln angeregt, der aus dem Takt geratene Energiestrom wird so behutsam reguliert. Jeder dieser Punkte steht in Verbindung mit einem bestimmten Organ oder Organkreis und hat eine genau definierte Heilwirkung. F\u00fcr die Nadelung w\u00e4hlt der Akupunkteur deshalb nur diejenigen Punkte an K\u00f6rper, H\u00e4nden, F\u00fc\u00dfen oder am Ohr des Patienten, die zu dessen Beschwerdebild passen.<\/p><p>Das erkrankte Organ wird also indirekt \u00fcber Au\u00dfenstellen auf der Haut, die Akupunkturpunkte, beeinflusst und nicht wie in der klassischen Schulmedizin direkt behandelt. Akupunktur balanciert die Energie der Organe aus und regt diese zur\u00a0<strong><b>Selbstheilung<\/b><\/strong>\u00a0an. Viele funktionelle Erkrankungen \u2013 das sind Erkrankungen, bei denen kein dauerhafter Organschaden vorliegt \u2013 k\u00f6nnen dadurch erfolgreich behandelt werden. Sch\u00e4dliche Nebenwirkungen, wie sie medikament\u00f6se Therapien oft begleiten, treten bei richtiger Anwendung der Akupunktur nicht auf.<\/p><p><strong><b>Die Wirkung der Akupunktur\u00a0<\/b><\/strong><\/p><p>Durch die Reizung der Akupunkturpunkte auf der Haut werden die diesen Punkten zugeordneten Organe beeinflusst, was als\u00a0<strong><b>Reflexwirkung<\/b><\/strong> der Akupunktur bezeichnet wird.<\/p><p>Zudem werden Mechanismen zur Schmerzkontrolle aktiviert: durch die Reize an bestimmten Stellen wird die Schmerzempfindlichkeit in bestimmten Gehirnbereichen gehemmt.<\/p><p>Durch die Nagelung werden <strong><b>Entspannung<\/b><\/strong>\u00a0und Linderung von Schmerzen durch die Bildung von k\u00f6rpereigenen morphinartigen Substanzen, den Endorphinen, und Nerven-\u00dcbertr\u00e4ger-Substanzen, den Neurotransmittern, erzielt. Endorphine und Neurotransmitter wirken\u00a0<strong><b>schmerzlindernd<\/b><\/strong>\u00a0und psychisch entspannend. Speziell bei\u00a0<em><i>Migr\u00e4ne<\/i><\/em>\u00a0bietet Akupunktur eine wirksame Linderung der Beschwerden.<\/p><p>Zudem bewirkt Akupunktur die Freisetzung von Wachstumshormonen. Diese f\u00f6rdern die Regeneration im Gewebe, z. B. in den Gelenken, was insbesondere bei <em><i>Kniearthrosen<\/i><\/em>\u00a0die Wirksamkeit dieser Therapie begr\u00fcndet.<\/p><p><strong><b>Beschwerden, die mit Akupunktur behandelt werden<\/b><\/strong><\/p><p>Die Weltgesundheitsorganisation (WHO) hat bei folgenden\u00a0<strong><b>Krankheitsbildern<\/b><\/strong> den Einsatz einer Akupunkturtherapie empfohlen:\u00a0<\/p><ul><li>Erkrankungen des Atmungssystems (etwa akute<a href=\"http:\/\/de.wikipedia.org\/wiki\/Nasennebenh%C3%B6hlenentz%C3%BCndung\">Nasennebenh\u00f6hlenentz\u00fcndung<\/a>)<\/li><li>Gastrointestinale St\u00f6rungen (etwa chronische Magengeschw\u00fcre)<\/li><li>Schlafst\u00f6rungen<\/li><li>Bronchialasthma<\/li><li>Neurologische St\u00f6rungen (etwa nach Schlaganf\u00e4llen)<\/li><li>Augenerkrankungen (etwa zentrale Retinitis)<\/li><li>Muskuloskeletale Erkrankungen (etwa Cervicobrachialsyndrom)<\/li><li>Erkrankungen im Mundbereich (etwa Schmerzen nach Extraktionen, Gingivitis)<\/li><\/ul><p><strong>Als anerkannte Indikation f\u00fcr eine Akupunkturbehandlung gelten auch\u00a0<em><i>chronische Schmerzen<\/i><\/em>, wenn kein k\u00f6rperlicher Befund vorliegt, und\u00a0<em><i>Schwangerschaftsbeschwerden<\/i><\/em>.<\/strong><\/p>\t\t\t\t\t\t\t\t<\/div>\n\t\t\t\t<\/div>\n\t\t\t\t\t<\/div>\n\t\t<\/div>\n\t\t\t\t\t<\/div>\n\t\t<\/section>\n\t\t\t\t<\/div>\n\t\t","protected":false},"excerpt":{"rendered":"<p>Akupunktur in naturheilkunde und schulmedizin Was seit &hellip;&nbsp;<a href=\"https:\/\/akupunktur-tcm-rt.de\/index.php\/akupunktur-und-tcm\/\" class=\"\" rel=\"bookmark\">\u9605\u8bfb\u66f4\u591a &raquo;<span class=\"screen-reader-text\">Akupunktur und TCM<\/span><\/a><\/p>\n","protected":false},"author":1,"featured_media":0,"parent":0,"menu_order":0,"comment_status":"closed","ping_status":"closed","template":"","meta":{"neve_meta_sidebar":"","neve_meta_container":"","neve_meta_enable_content_width":"","neve_meta_content_width":0,"neve_meta_title_alignment":"","neve_meta_author_avatar":"","neve_post_elements_order":"","neve_meta_disable_header":"","neve_meta_disable_footer":"","neve_meta_disable_title":"","footnotes":""},"_links":{"self":[{"href":"https:\/\/akupunktur-tcm-rt.de\/index.php\/wp-json\/wp\/v2\/pages\/1894"}],"collection":[{"href":"https:\/\/akupunktur-tcm-rt.de\/index.php\/wp-json\/wp\/v2\/pages"}],"about":[{"href":"https:\/\/akupunktur-tcm-rt.de\/index.php\/wp-json\/wp\/v2\/types\/page"}],"author":[{"embeddable":true,"href":"https:\/\/akupunktur-tcm-rt.de\/index.php\/wp-json\/wp\/v2\/users\/1"}],"replies":[{"embeddable":true,"href":"https:\/\/akupunktur-tcm-rt.de\/index.php\/wp-json\/wp\/v2\/comments?post=1894"}],"version-history":[{"count":10,"href":"https:\/\/akupunktur-tcm-rt.de\/index.php\/wp-json\/wp\/v2\/pages\/1894\/revisions"}],"predecessor-version":[{"id":1908,"href":"https:\/\/akupunktur-tcm-rt.de\/index.php\/wp-json\/wp\/v2\/pages\/1894\/revisions\/1908"}],"wp:attachment":[{"href":"https:\/\/akupunktur-tcm-rt.de\/index.php\/wp-json\/wp\/v2\/media?parent=1894"}],"curies":[{"name":"wp","href":"https:\/\/api.w.org\/{rel}","templated":true}]}}